base 6) to base 9
-1466250
Convert -1011101110010010100 (base 2) to base 5.
-44243043
What is 164033 (base 11) in base 4?
332010301
33434413 (base 5) to base 2
1001000010100101001
-11506925 (base 10) to base 7
-166543613
Convert 2321020030 (base 4) to base 5.
143231114
Convert 173508 (base 13) to base 9.
1071700
-a1c2b (base 16) to base 6
-22111243
What is -685 (base 9) in base 10?
-563
Convert 337731 (base 9) to base 2.
110001011100100000
Convert -d64a7 (base 16) to base 7.
-10313665
-27654 (base 14) to base 13
-3538b
What is -1121432304 (base 5) in base 15?
-34ead9
-732377 (base 9) to base 12
-18b751
What is 461430 (base 8) in base 16?
26318
What is -42032112 (base 7) in base 8?
-15375011
Convert 21231323 (base 4) to base 2.
1001101101111011
-20300320012 (base 4) to base 11
-132a040
What is -5076505 (base 9) in base 10?
-2707916
ba8197 (base 16) to base 13
26bc58b
Convert -436a0a6 (base 11) to base 9.
-15381155
10111000010110001010110 (base 2) to base 11
3456491
-15020 (base 15) to base 5
-4130110
What is -70ca7 (base 13) in base 5?
-22431332
32340030 (base 7) to base 4
22203102111
Convert 12130331302 (base 4) to base 8.
6347562
580005 (base 9) to base 14
90a26
Convert -139846 (base 12) to base 10.
-327798
What is -95b52c (base 13) in base 4?
-31120303310
Convert 1062665 (base 7) to base 9.
222488
Convert 1024401 (base 5) to base 8.
42104
What is 4612315 (base 7) in base 4?
2030103130
Convert -52062 (base 14) to base 5.
-22311104
Convert -11100011111011100100 (base 2) to base 6.
-32002124
-416341 (base 7) to base 2
-10001100010110111
45473 (base 10) to base 5
2423343
Convert -302132345 (base 6) to base 13.
-10b1727
What is -14e645 (base 16) in base 14?
-279217
Convert 433442204 (base 5) to base 14.
3656d8
Convert -11803676 (base 10) to base 14.
-17d38ba
1010010002 (base 3) to base 13
9cb9
Convert 197558 (base 10) to base 16.
303b6
197128b (base 12) to base 9
11088018
Convert -21fd3d (base 16) to base 12.
-8b50a5
Convert -100123232 (base 4) to base 14.
-1a75c
Convert -118393 (base 11) to base 15.
-3a53a
What is 34223024 (base 6) in base 13?
2a79b1
6244170 (base 8) to base 16
194878
1335135 (base 7) to base 9
288786
-110011110011000011010 (base 2) to base 3
-10012020021012
2111122121011 (base 3) to base 9
2448534
What is -27a77 (base 11) in base 5?
-2234033
Convert -13223061 (base 7) to base 13.
-33761a
Convert b83984 (base 12) to base 13.
7ab48c
Convert 2023302311 (base 4) to base 9.
1062408
198705 (base 14) to base 10
906897
What is -3150420 (base 7) in base 2?
-1011101010000010001
What is -100011000111110010 (base 2) in base 8?
-430762
Convert 1001010101100011110 (base 2) to base 12.
12907a
What is -17de0b (base 16) in base 4?
-11331320023
What is -2359893 (base 10) in base 8?
-11001125
-2e5d3 (base 16) to base 13
-68593
What is -a9e1d (base 15) in base 7?
-4405525
-6ab67b (base 13) to base 15
-3522d6
What is 254a09 (base 11) in base 14?
a6638
Convert 517212 (base 9) to base 10.
307082
Convert 8484a (base 11) to base 9.
207333
Convert -7201612 (base 8) to base 15.
-2785d5
What is -101121122121121 (base 3) in base 16?
-5617c3
Convert a0010 (base 14) to base 4.
1131302232
-336661 (base 8) to base 5
-12122342
33331323233 (base 4) to base 9
7778802
What is -760a8 (base 11) in base 13?
-3b450
Convert 21657 (base 11) to base 7.
160356
829266 (base 10) to base 7
10022454
593827 (base 12) to base 16
15eddf
What is 56cc (base 14) in base 4?
3223210
What is 201341241 (base 5) in base 2?
11000101011111110010
Convert -42322440 (base 5) to base 6.
-11334201
-110103201 (base 5) to base 9
-788778
What is -6c4f (base 16) in base 4?
-12301033
-201102220201 (base 3) to base 11
-241556
Convert 21110011010 (base 3) to base 6.
3050520
Convert 111102102 (base 5) to base 15.
997d7
150443 (base 7) to base 2
111000101101111
What is -14403180 (base 9) in base 6?
-413105113
What is -42112331 (base 5) in base 2?
-1010100111011000001
What is 34891 (base 16) in base 5?
23341220
Convert 252613 (base 9) to base 7.
1204440
What is -6589627 (base 11) in base 10?
-11564483
-7239 (base 13) to base 2
-11110110010101
What is 111100001101011111 (base 2) in base 6?
5141435
What is -200247 (base 12) in base 11?
-310184
Convert 67a8a (base 12) to base 16.
21b4a
1608260 (base 9) to base 15
129373
Convert 48283 (base 9) to base 6.
405333
12826810 (base 9) to base 3
102220220220100
Convert 110011010000000011 (base 2) to base 16.
33403
-8a30 (base 14) to base 7
-126560
11122213131 (base 4) to base 7
15032121
What is -71ca40 (base 13) in base 11?
-155430a
-15139 (base 16) to base 10
-86329
What is -1555154 (base 10) in base 15?
-20abbe
Convert 21201122 (base 4) to base 10.
39002
What is a9a7dd (base 14) in base 8?
25744237
444421252 (base 6) to base 7
125333120
What is -264375 (base 9) in base 12?
-78bab
What is -6347 (base 12) in base 8?
-25147
Convert 5216665 (base 8) to base 4.
11101312311
What is -f654b (base 16) in base 4?
-3312111023
What is -4426202 (base 8) in base 5?
-301103132
-100000231111 (base 4) to base 6
-225543301
Convert 12102223133 (base 4) to base 9.
3083458
-3c8660 (base 13) to base 8
-5501317
201223301 (base 4) to base 15
2ad2e
-455304 (base 13) to base 3
-10002021221020
What is 10cb2 (base 13) in base 15?
918e
What is 333040140 (base 5) in base 3?
2201221210201
a48a66 (base 11) to base 14
31a87a
What is -1000111101110011001 (base 2) in base 14?
-790c9
69dd6 (base 14) to base 7
2122656
Convert cb754 (base 14) to base 4.
1320101032
What is -1816a9 (base 12) in base 16?
-65ea1
What is -27948 (base 14) in base 16?
-17e4c
What is -d659a5 (base 16) in base 10?
-14047653
-1143760 (base 8) to base 9
-526722
What is -56723 (base 12) in base 8?
-340613
What is -518aca (base 13) in base 15?
-27943d
-857827 (base 9) to base 11
-3199a1
-12257b (base 12) to base 2
-1000111111010101111
444132120 (base 5) to base 2
111011010010100000001
67a4169 (base 12) to base 4
1023303213201
-8127457 (base 9) to base 16
-420eda
What is -1042156 (base 10) in base 16?
-fe6ec
Convert -13220232201 (base 4) to base 14.
-3a1757
What is 22414344 (base 5) in base 9?
336022
Convert 12102011 (base 6) to base 13.
104824
-153112 (base 7) to base 11
-20511
Convert 1101010011111010010111 (base 2) to base 7.
41442161
What is 79f83 (base 16) in base 10?
499587
Convert 5378181 (base 9) to base 13.
7a0965
Convert 11110001101111111100 (base 2) to base 4.
3301233330
Convert 3544373 (base 9) to base 8.
7244075
Convert 51975 (base 10) to base 16.
cb07
Convert 1021624 (base 9) to base 14.
102c9a
Convert 1119a4 (base 12) to base 6.
5502324
What is 51344524 (base 7) in base 11?
2475466
Convert 1457430 (base 10) to base 15.
1dbc70
What is 42650 (base 10) in base 4?
22122122
Convert 10211033 (base 5) to base 14.
23059
Convert 9c1c1c (base 15) to base 7.
120210135
What is 2174620 (base 10) in base 16?
212e9c
1661746 (base 8) to base 5
110444301
Convert -122013343 (base 5) to base 13.
-173848
Convert -402550 (base 12) to base 8.
-3640214
Convert a79c6c (base 15) to base 13.
1865a84
Convert -9c2c8 (base 14) to base 3.
-201021012221
1021150 (base 7) to base 5
12413003
12037332 (base 8) to base 12
a72422
-19108e (base 16) to base 6
-55112450
Convert 223405 (base 7) to base 9.
60341
-200120011121 (base 3) to base 14
-97209
Convert 354c8 (base 16) to base 11.
13a026
Convert -22525bb (base 12) to base 4.
-121011313133
200221000020 (base 3) to base 7
3111036
Convert 452613 (base 7) to base 14.
21343
Convert -391b3 (base 13) to base 6.
-2133403
Convert 681ea (base 15) to base 2.
1010000110110111011
-210642 (base 8) to base 10
-70050
7c4617 (base 13) to base 7
34042156
7a065b (base 12) to base 2
111011100000110100111
3864710 (base 10) to base 5
1442132320
Convert -14b19 (base 14) to base 13.
-1a620
What is 1370372 (base 8) in base 9?
653103
What is 725092 (base 10) in base 11?
455855
1f82ad (base 16) to base 14
3ba80d
-a9a4 (base 14) to base 11
-20060
425432402 (base 6) to base 7
121102313
-7b5b8a (base 15) to base 3
-102002100021111
Convert 633bb (base 15) to base 2.
1001100110101100110
-406888 (base 11) to base 13
-19b454
What is -2421304 (base 10) in base 15?
-32c654
Convert -51546 (base 13) to base 6.
-3043253
Convert -4a187 (base 11) to base 7.
-420114
-b2795 (base 12) to base 3
-102211011112
Convert 5b1a7 (base 12) to ba